[INFO] fetching crate yelp-fusion-rs-2 0.1.1...
[INFO] checking yelp-fusion-rs-2-0.1.1 against master#9610dfe5a9a731ced1ea4923ecbd0c57fe367898 for beta-170-4
[INFO] extracting crate yelp-fusion-rs-2 0.1.1 into /workspace/builds/worker-2-tc1/source
[INFO] validating manifest of crates.io crate yelp-fusion-rs-2 0.1.1 on toolchain 9610dfe5a9a731ced1ea4923ecbd0c57fe367898
[INFO] running `Command { std: CARGO_HOME="/workspace/cargo-home" RUSTUP_HOME="/workspace/rustup-home" "/workspace/cargo-home/bin/cargo" "+9610dfe5a9a731ced1ea4923ecbd0c57fe367898" "metadata" "--manifest-path" "Cargo.toml" "--no-deps", kill_on_drop: false }`
[INFO] started tweaking crates.io crate yelp-fusion-rs-2 0.1.1
[INFO] finished tweaking crates.io crate yelp-fusion-rs-2 0.1.1
[INFO] tweaked toml for crates.io crate yelp-fusion-rs-2 0.1.1 written to /workspace/builds/worker-2-tc1/source/Cargo.toml
[INFO] crate crates.io crate yelp-fusion-rs-2 0.1.1 already has a lockfile, it will not be regenerated
[INFO] running `Command { std: CARGO_HOME="/workspace/cargo-home" RUSTUP_HOME="/workspace/rustup-home" "/workspace/cargo-home/bin/cargo" "+9610dfe5a9a731ced1ea4923ecbd0c57fe367898" "fetch" "--manifest-path" "Cargo.toml", kill_on_drop: false }`
[INFO] running `Command { std: "docker" "create" "-v" "/var/lib/crater-agent-workspace/builds/worker-2-tc1/target:/opt/rustwide/target:rw,Z" "-v" "/var/lib/crater-agent-workspace/builds/worker-2-tc1/source:/opt/rustwide/workdir:ro,Z" "-v" "/var/lib/crater-agent-workspace/cargo-home:/opt/rustwide/cargo-home:ro,Z" "-v" "/var/lib/crater-agent-workspace/rustup-home:/opt/rustwide/rustup-home:ro,Z" "-e" "SOURCE_DIR=/opt/rustwide/workdir" "-e" "CARGO_TARGET_DIR=/opt/rustwide/target" "-e" "CARGO_HOME=/opt/rustwide/cargo-home" "-e" "RUSTUP_HOME=/opt/rustwide/rustup-home" "-w" "/opt/rustwide/workdir" "-m" "1610612736" "--user" "0:0" "--network" "none" "ghcr.io/rust-lang/crates-build-env/linux@sha256:19e73879b68f455e41552ea35293514db52ea292d993f571636dbffedb77a1ee" "/opt/rustwide/cargo-home/bin/cargo" "+9610dfe5a9a731ced1ea4923ecbd0c57fe367898" "metadata" "--no-deps" "--format-version=1", kill_on_drop: false }`
[INFO] [stdout] 9bce5845642d28db6f1887d64f3ba17a0c213dbcd90403cfe5e6ba41a29bf904
[INFO] running `Command { std: "docker" "start" "-a" "9bce5845642d28db6f1887d64f3ba17a0c213dbcd90403cfe5e6ba41a29bf904", kill_on_drop: false }`
[INFO] running `Command { std: "docker" "inspect" "9bce5845642d28db6f1887d64f3ba17a0c213dbcd90403cfe5e6ba41a29bf904", kill_on_drop: false }`
[INFO] running `Command { std: "docker" "rm" "-f" "9bce5845642d28db6f1887d64f3ba17a0c213dbcd90403cfe5e6ba41a29bf904", kill_on_drop: false }`
[INFO] [stdout] 9bce5845642d28db6f1887d64f3ba17a0c213dbcd90403cfe5e6ba41a29bf904
[INFO] running `Command { std: "docker" "create" "-v" "/var/lib/crater-agent-workspace/builds/worker-2-tc1/target:/opt/rustwide/target:rw,Z" "-v" "/var/lib/crater-agent-workspace/builds/worker-2-tc1/source:/opt/rustwide/workdir:ro,Z" "-v" "/var/lib/crater-agent-workspace/cargo-home:/opt/rustwide/cargo-home:ro,Z" "-v" "/var/lib/crater-agent-workspace/rustup-home:/opt/rustwide/rustup-home:ro,Z" "-e" "SOURCE_DIR=/opt/rustwide/workdir" "-e" "CARGO_TARGET_DIR=/opt/rustwide/target" "-e" "CARGO_INCREMENTAL=0" "-e" "RUST_BACKTRACE=full" "-e" "RUSTFLAGS=--cap-lints=forbid" "-e" "RUSTDOCFLAGS=--cap-lints=forbid" "-e" "CARGO_HOME=/opt/rustwide/cargo-home" "-e" "RUSTUP_HOME=/opt/rustwide/rustup-home" "-w" "/opt/rustwide/workdir" "-m" "1610612736" "--user" "0:0" "--network" "none" "ghcr.io/rust-lang/crates-build-env/linux@sha256:19e73879b68f455e41552ea35293514db52ea292d993f571636dbffedb77a1ee" "/opt/rustwide/cargo-home/bin/cargo" "+9610dfe5a9a731ced1ea4923ecbd0c57fe367898" "check" "--frozen" "--all" "--all-targets" "--message-format=json", kill_on_drop: false }`
[INFO] [stdout] d8ca3dc483ce5523682d9c148147f2bb85414338d583a901a2a9c34f643279b8
[INFO] running `Command { std: "docker" "start" "-a" "d8ca3dc483ce5523682d9c148147f2bb85414338d583a901a2a9c34f643279b8", kill_on_drop: false }`
[INFO] [stderr]    Compiling proc-macro2 v1.0.49
[INFO] [stderr]    Compiling unicode-ident v1.0.6
[INFO] [stderr]    Compiling quote v1.0.23
[INFO] [stderr]    Compiling syn v1.0.107
[INFO] [stderr]     Checking once_cell v1.17.0
[INFO] [stderr]    Compiling log v0.4.17
[INFO] [stderr]    Compiling ring v0.16.20
[INFO] [stderr]    Compiling lock_api v0.4.9
[INFO] [stderr]     Checking pin-project-lite v0.2.9
[INFO] [stderr]    Compiling parking_lot_core v0.9.6
[INFO] [stderr]     Checking smallvec v1.10.0
[INFO] [stderr]    Compiling memchr v2.5.0
[INFO] [stderr]    Compiling futures-core v0.3.25
[INFO] [stderr]     Checking bytes v1.3.0
[INFO] [stderr]    Compiling tokio v1.24.1
[INFO] [stderr]     Checking itoa v1.0.5
[INFO] [stderr]     Checking spin v0.5.2
[INFO] [stderr]     Checking untrusted v0.7.1
[INFO] [stderr]     Checking parking_lot v0.12.1
[INFO] [stderr]     Checking mio v0.8.5
[INFO] [stderr]     Checking num_cpus v1.15.0
[INFO] [stderr]     Checking socket2 v0.4.7
[INFO] [stderr]     Checking signal-hook-registry v1.4.0
[INFO] [stderr]    Compiling futures-task v0.3.25
[INFO] [stderr]     Checking tracing-core v0.1.30
[INFO] [stderr]    Compiling slab v0.4.7
[INFO] [stderr]    Compiling indexmap v1.9.2
[INFO] [stderr]    Compiling serde_derive v1.0.152
[INFO] [stderr]    Compiling futures-util v0.3.25
[INFO] [stderr]     Checking fnv v1.0.7
[INFO] [stderr]     Checking tracing v0.1.37
[INFO] [stderr]     Checking http v0.2.8
[INFO] [stderr]     Checking futures-sink v0.3.25
[INFO] [stderr]    Compiling serde v1.0.152
[INFO] [stderr]    Compiling httparse v1.8.0
[INFO] [stderr]    Compiling futures-channel v0.3.25
[INFO] [stderr]     Checking tinyvec_macros v0.1.0
[INFO] [stderr]     Checking hashbrown v0.12.3
[INFO] [stderr]    Compiling rustls v0.20.8
[INFO] [stderr]     Checking tinyvec v1.6.0
[INFO] [stderr]     Checking try-lock v0.2.4
[INFO] [stderr]     Checking percent-encoding v2.2.0
[INFO] [stderr]     Checking form_urlencoded v1.1.0
[INFO] [stderr]     Checking want v0.3.0
[INFO] [stderr]     Checking http-body v0.4.5
[INFO] [stderr]    Compiling serde_json v1.0.91
[INFO] [stderr]     Checking httpdate v1.0.2
[INFO] [stderr]     Checking tower-service v0.3.2
[INFO] [stderr]     Checking unicode-bidi v0.3.8
[INFO] [stderr]     Checking ryu v1.0.12
[INFO] [stderr]     Checking base64 v0.21.0
[INFO] [stderr]     Checking unicode-normalization v0.1.22
[INFO] [stderr]     Checking base64 v0.13.1
[INFO] [stderr]     Checking mime v0.3.16
[INFO] [stderr]     Checking ipnet v2.7.1
[INFO] [stderr]     Checking rustls-pemfile v1.0.2
[INFO] [stderr]     Checking idna v0.3.0
[INFO] [stderr]     Checking webpki v0.22.0
[INFO] [stderr]     Checking sct v0.7.0
[INFO] [stderr]     Checking url v2.3.1
[INFO] [stderr]     Checking webpki-roots v0.22.6
[INFO] [stderr]    Compiling tokio-macros v1.8.2
[INFO] [stderr]     Checking tokio-util v0.7.4
[INFO] [stderr]     Checking tokio-rustls v0.23.4
[INFO] [stderr]     Checking h2 v0.3.15
[INFO] [stderr]     Checking serde_urlencoded v0.7.1
[INFO] [stderr]     Checking hyper v0.14.23
[INFO] [stderr]     Checking hyper-rustls v0.23.2
[INFO] [stderr]     Checking reqwest v0.11.13
[INFO] [stderr]     Checking yelp-fusion-rs-2 v0.1.1 (/opt/rustwide/workdir)
[INFO] [stdout] error[E0433]: failed to resolve: use of undeclared crate or module `yelp_fusion_rs`
[INFO] [stdout]  --> tests/business_search_payload.rs:2:5
[INFO] [stdout]   |
[INFO] [stdout] 2 | use yelp_fusion_rs::endpoints::{BusinessSearchPayload, BusinessSearchPayloadError};
[INFO] [stdout]   |     ^^^^^^^^^^^^^^ use of undeclared crate or module `yelp_fusion_rs`
[INFO] [stdout]   |
[INFO] [stdout] help: there is a crate or module with a similar name
[INFO] [stdout]   |
[INFO] [stdout] 2 | use yelp_fusion_rs_2::endpoints::{BusinessSearchPayload, BusinessSearchPayloadError};
[INFO] [stdout]   |     ~~~~~~~~~~~~~~~~
[INFO] [stdout] 
[INFO] [stdout] 
[INFO] [stdout] error[E0433]: failed to resolve: use of undeclared crate or module `yelp_fusion_rs`
[INFO] [stdout]  --> tests/business_search_payload.rs:3:5
[INFO] [stdout]   |
[INFO] [stdout] 3 | use yelp_fusion_rs::models::{Attribute, Coordinates, PriceType, SortBy};
[INFO] [stdout]   |     ^^^^^^^^^^^^^^ use of undeclared crate or module `yelp_fusion_rs`
[INFO] [stdout]   |
[INFO] [stdout] help: there is a crate or module with a similar name
[INFO] [stdout]   |
[INFO] [stdout] 3 | use yelp_fusion_rs_2::models::{Attribute, Coordinates, PriceType, SortBy};
[INFO] [stdout]   |     ~~~~~~~~~~~~~~~~
[INFO] [stdout] 
[INFO] [stdout] 
[INFO] [stdout] error[E0433]: failed to resolve: use of undeclared crate or module `yelp_fusion_rs`
[INFO] [stdout]  --> tests/business_search_payload_builder.rs:2:5
[INFO] [stdout]   |
[INFO] [stdout] 2 | use yelp_fusion_rs::endpoints::{
[INFO] [stdout]   |     ^^^^^^^^^^^^^^ use of undeclared crate or module `yelp_fusion_rs`
[INFO] [stdout]   |
[INFO] [stdout] help: there is a crate or module with a similar name
[INFO] [stdout]   |
[INFO] [stdout] 2 | use yelp_fusion_rs_2::endpoints::{
[INFO] [stdout]   |     ~~~~~~~~~~~~~~~~
[INFO] [stdout] 
[INFO] [stdout] 
[INFO] [stdout] error[E0433]: failed to resolve: use of undeclared crate or module `yelp_fusion_rs`
[INFO] [stdout]  --> tests/business_search_payload_builder.rs:5:5
[INFO] [stdout]   |
[INFO] [stdout] 5 | use yelp_fusion_rs::models::{Attribute, Coordinates, PriceType, SortBy};
[INFO] [stdout]   |     ^^^^^^^^^^^^^^ use of undeclared crate or module `yelp_fusion_rs`
[INFO] [stdout]   |
[INFO] [stdout] help: there is a crate or module with a similar name
[INFO] [stdout]   |
[INFO] [stdout] 5 | use yelp_fusion_rs_2::models::{Attribute, Coordinates, PriceType, SortBy};
[INFO] [stdout]   |     ~~~~~~~~~~~~~~~~
[INFO] [stdout] 
[INFO] [stdout] 
[INFO] [stdout] error[E0433]: failed to resolve: use of undeclared crate or module `yelp_fusion_rs`
[INFO] [stdout]  --> examples/business_search.rs:3:5
[INFO] [stdout]   |
[INFO] [stdout] 3 | use yelp_fusion_rs::endpoints::{BusinessSearchPayload, BusinessSearchResponse};
[INFO] [stdout]   |     ^^^^^^^^^^^^^^ use of undeclared crate or module `yelp_fusion_rs`
[INFO] [stdout]   |
[INFO] [stdout] help: there is a crate or module with a similar name
[INFO] [stdout]   |
[INFO] [stdout] 3 | use yelp_fusion_rs_2::endpoints::{BusinessSearchPayload, BusinessSearchResponse};
[INFO] [stdout]   |     ~~~~~~~~~~~~~~~~
[INFO] [stdout] 
[INFO] [stdout] 
[INFO] [stdout] error[E0433]: failed to resolve: use of undeclared crate or module `yelp_fusion_rs`
[INFO] [stdout]  --> examples/business_search.rs:4:5
[INFO] [stdout]   |
[INFO] [stdout] 4 | use yelp_fusion_rs::error::Error;
[INFO] [stdout]   |     ^^^^^^^^^^^^^^ use of undeclared crate or module `yelp_fusion_rs`
[INFO] [stdout]   |
[INFO] [stdout] help: there is a crate or module with a similar name
[INFO] [stdout]   |
[INFO] [stdout] 4 | use yelp_fusion_rs_2::error::Error;
[INFO] [stdout]   |     ~~~~~~~~~~~~~~~~
[INFO] [stdout] 
[INFO] [stdout] 
[INFO] [stdout] error[E0433]: failed to resolve: use of undeclared crate or module `yelp_fusion_rs`
[INFO] [stdout]  --> examples/business_search.rs:5:5
[INFO] [stdout]   |
[INFO] [stdout] 5 | use yelp_fusion_rs::models::{Coordinates, PriceType};
[INFO] [stdout]   |     ^^^^^^^^^^^^^^ use of undeclared crate or module `yelp_fusion_rs`
[INFO] [stdout]   |
[INFO] [stdout] help: there is a crate or module with a similar name
[INFO] [stdout]   |
[INFO] [stdout] 5 | use yelp_fusion_rs_2::models::{Coordinates, PriceType};
[INFO] [stdout]   |     ~~~~~~~~~~~~~~~~
[INFO] [stdout] 
[INFO] [stdout] 
[INFO] [stdout] error[E0433]: failed to resolve: use of undeclared crate or module `yelp_fusion_rs`
[INFO] [stdout]  --> examples/business_search.rs:6:5
[INFO] [stdout]   |
[INFO] [stdout] 6 | use yelp_fusion_rs::yelp_fusion::YelpFusion;
[INFO] [stdout]   |     ^^^^^^^^^^^^^^ use of undeclared crate or module `yelp_fusion_rs`
[INFO] [stdout]   |
[INFO] [stdout] help: there is a crate or module with a similar name
[INFO] [stdout]   |
[INFO] [stdout] 6 | use yelp_fusion_rs_2::yelp_fusion::YelpFusion;
[INFO] [stdout]   |     ~~~~~~~~~~~~~~~~
[INFO] [stdout] 
[INFO] [stdout] 
[INFO] [stdout] error: aborting due to 2 previous errors
[INFO] [stdout] 
[INFO] [stdout] 
[INFO] [stdout] For more information about this error, try `rustc --explain E0433`.
[INFO] [stdout] 
[INFO] [stdout] error: aborting due to 2 previous errors
[INFO] [stdout] 
[INFO] [stdout] 
[INFO] [stdout] For more information about this error, try `rustc --explain E0433`.
[INFO] [stdout] 
[INFO] [stderr] error: could not compile `yelp-fusion-rs-2` (test "business_search_payload_builder") due to 3 previous errors
[INFO] [stderr] warning: build failed, waiting for other jobs to finish...
[INFO] [stderr] error: could not compile `yelp-fusion-rs-2` (test "business_search_payload") due to 3 previous errors
[INFO] [stdout] error: aborting due to 4 previous errors
[INFO] [stdout] 
[INFO] [stdout] 
[INFO] [stdout] For more information about this error, try `rustc --explain E0433`.
[INFO] [stdout] 
[INFO] [stderr] error: could not compile `yelp-fusion-rs-2` (example "business_search") due to 5 previous errors
[INFO] running `Command { std: "docker" "inspect" "d8ca3dc483ce5523682d9c148147f2bb85414338d583a901a2a9c34f643279b8", kill_on_drop: false }`
[INFO] running `Command { std: "docker" "rm" "-f" "d8ca3dc483ce5523682d9c148147f2bb85414338d583a901a2a9c34f643279b8", kill_on_drop: false }`
[INFO] [stdout] d8ca3dc483ce5523682d9c148147f2bb85414338d583a901a2a9c34f643279b8
